{"id":5,"date":"2021-04-17T07:57:36","date_gmt":"2021-04-17T07:57:36","guid":{"rendered":"http:\/\/erp-integra.com\/homepage_mx\/?page_id=5"},"modified":"2025-05-29T09:07:43","modified_gmt":"2025-05-29T15:07:43","slug":"crea-tu-web-con-bloques","status":"publish","type":"page","link":"http:\/\/erp-integra.com\/homepage_mx\/","title":{"rendered":""},"content":{"rendered":"<div id=\"metaslider-id-215\" style=\"width: 100%; margin: 0 auto;\" class=\"ml-slider-3-20-3 metaslider metaslider-flex metaslider-215 ml-slider nav-hidden\">\n    <div id=\"metaslider_container_215\">\n        <div id=\"metaslider_215\" class=\"flexslider\">\n            <ul aria-live=\"polite\" class=\"slides\">\n                <li style=\"display: block; width: 100%;\" class=\"slide-217 ms-image\"><img src=\"http:\/\/erp-integra.com\/homepage_mx\/wp-content\/uploads\/2021\/05\/mr950-1-1000x407.png\" height=\"407\" width=\"1000\" alt=\"\" class=\"slider-215 slide-217\" title=\"mr950-1\" \/><\/li>\n                <li style=\"display: none; width: 100%;\" class=\"slide-697 ms-image\"><img src=\"http:\/\/erp-integra.com\/homepage_mx\/wp-content\/uploads\/2024\/11\/aryya_banner_2-1000x407.png\" height=\"407\" width=\"1000\" alt=\"\" class=\"slider-215 slide-697\" title=\"aryya_banner_2\" \/><\/li>\n                <li style=\"display: none; width: 100%;\" class=\"slide-218 ms-image\"><img src=\"http:\/\/erp-integra.com\/homepage_mx\/wp-content\/uploads\/2021\/05\/asi950x407-1000x407.png\" height=\"407\" width=\"1000\" alt=\"\" class=\"slider-215 slide-218\" title=\"asi950x407\" \/><\/li>\n                <li style=\"display: none; width: 100%;\" class=\"slide-221 ms-image\"><img src=\"http:\/\/erp-integra.com\/homepage_mx\/wp-content\/uploads\/2021\/05\/retoscomplejos950-1000x407.png\" height=\"407\" width=\"1000\" alt=\"\" class=\"slider-215 slide-221\" title=\"retoscomplejos950\" \/><\/li>\n                <li style=\"display: none; width: 100%;\" class=\"slide-506 ms-image\"><img src=\"http:\/\/erp-integra.com\/homepage_mx\/wp-content\/uploads\/2023\/10\/BLANCOVANILLA-1-1000x407.png\" height=\"407\" width=\"1000\" alt=\"\" class=\"slider-215 slide-506\" title=\"BLANCOVANILLA\" \/><\/li>\n                <li style=\"display: none; width: 100%;\" class=\"slide-223 ms-image\"><img src=\"http:\/\/erp-integra.com\/homepage_mx\/wp-content\/uploads\/2021\/05\/Traffic950-1000x407.png\" height=\"407\" width=\"1000\" alt=\"\" class=\"slider-215 slide-223\" title=\"Traffic950\" \/><\/li>\n            <\/ul>\n        <\/div>\n        \n    <\/div>\n<\/div>\n\n\n\n<hr class=\"wp-block-separator has-alpha-channel-opacity\"\/>\n\n\n\n<div class=\"wp-block-columns is-layout-flex wp-container-3\">\n<div class=\"wp-block-column is-layout-flow\">\n<figure class=\"wp-block-image size-large\"><img decoding=\"async\" loading=\"lazy\" width=\"1024\" height=\"538\" src=\"http:\/\/erp-integra.com\/homepage_mx\/wp-content\/uploads\/2025\/05\/la-etica-en-los-negocios-1-1024x538.png\" alt=\"\" class=\"wp-image-744\" srcset=\"http:\/\/erp-integra.com\/homepage_mx\/wp-content\/uploads\/2025\/05\/la-etica-en-los-negocios-1-1024x538.png 1024w, http:\/\/erp-integra.com\/homepage_mx\/wp-content\/uploads\/2025\/05\/la-etica-en-los-negocios-1-300x158.png 300w, http:\/\/erp-integra.com\/homepage_mx\/wp-content\/uploads\/2025\/05\/la-etica-en-los-negocios-1-768x403.png 768w, http:\/\/erp-integra.com\/homepage_mx\/wp-content\/uploads\/2025\/05\/la-etica-en-los-negocios-1.png 1200w\" sizes=\"(max-width: 1024px) 100vw, 1024px\" \/><\/figure>\n<\/div>\n\n\n\n<div class=\"wp-block-column is-layout-flow\">\n<h1 class=\"wp-block-heading has-text-align-left\" id=\"pnlHeaderFirstLevelTitle\">Negocios con \u00c9tica e Integridad<\/h1>\n\n\n\n<p id=\"pnlHeaderFirstLevelSummary\">\u201c<strong>Porque para nosotros, un buen negocio no solo debe ser rentable, tambi\u00e9n debe ser correcto.<\/strong>\u201d<\/p>\n\n\n\n<p>&#8220;..creemos que los negocios comienzan mucho antes de que se firme un contrato o se cierren acuerdos formales. Detr\u00e1s de cada colaboraci\u00f3n exitosa est\u00e1n valores fundamentales como la confianza, la transparencia y el respeto mutuo.\u00a0<\/p>\n\n\n\n<p class=\"has-text-align-right\">Ra Mishra<\/p>\n<\/div>\n<\/div>\n\n\n\n<div class=\"wp-block-columns is-layout-flex wp-container-6\">\n<div class=\"wp-block-column is-layout-flow\">\n<p><\/p>\n\n\n\n<h2 class=\"wp-block-heading\">Nuestra AI: Aryaa<\/h2>\n\n\n\n<figure class=\"wp-block-image size-full is-resized\"><img decoding=\"async\" loading=\"lazy\" src=\"http:\/\/erp-integra.com\/homepage_mx\/wp-content\/uploads\/2024\/08\/brain.png\" alt=\"\" class=\"wp-image-614\" width=\"100\" height=\"81\" srcset=\"http:\/\/erp-integra.com\/homepage_mx\/wp-content\/uploads\/2024\/08\/brain.png 900w, http:\/\/erp-integra.com\/homepage_mx\/wp-content\/uploads\/2024\/08\/brain-300x246.png 300w, http:\/\/erp-integra.com\/homepage_mx\/wp-content\/uploads\/2024\/08\/brain-768x630.png 768w\" sizes=\"(max-width: 100px) 100vw, 100px\" \/><\/figure>\n\n\n\n<p><\/p>\n\n\n\n<p><strong>El poder de la inteligencia artificial es una herramienta invaluable que permite a las empresas automatizar tareas y procesos que, de otra forma, tomar\u00edan mucho tiempo y esfuerzo humano.<\/strong><\/p>\n\n\n\n<p><strong>Descubra c\u00f3mo nuestra AI puede solucionar los errores que obstaculizan su productividad diaria.<\/strong><\/p>\n\n\n\n<p><\/p>\n<\/div>\n\n\n\n<div class=\"wp-block-column is-layout-flow\">\n<figure class=\"wp-block-image size-full\"><img decoding=\"async\" loading=\"lazy\" width=\"750\" height=\"450\" src=\"http:\/\/erp-integra.com\/homepage_mx\/wp-content\/uploads\/2024\/11\/aryya750x450.png\" alt=\"\" class=\"wp-image-679\" srcset=\"http:\/\/erp-integra.com\/homepage_mx\/wp-content\/uploads\/2024\/11\/aryya750x450.png 750w, http:\/\/erp-integra.com\/homepage_mx\/wp-content\/uploads\/2024\/11\/aryya750x450-300x180.png 300w\" sizes=\"(max-width: 750px) 100vw, 750px\" \/><\/figure>\n<\/div>\n<\/div>\n\n\n\n<div class=\"wp-block-columns is-layout-flex wp-container-7\"><\/div>\n\n\n\n<div class=\"wp-block-columns alignwide are-vertically-aligned-center is-style-twentytwentyone-columns-overlap is-layout-flex wp-container-10\">\n<div class=\"wp-block-column is-vertically-aligned-center is-layout-flow\">\n<figure class=\"wp-block-image size-large\"><img decoding=\"async\" loading=\"lazy\" width=\"750\" height=\"450\" src=\"http:\/\/erp-integra.com\/homepage_mx\/wp-content\/uploads\/2021\/05\/desarrollointegra.jpg\" alt=\"\" class=\"wp-image-120\" srcset=\"http:\/\/erp-integra.com\/homepage_mx\/wp-content\/uploads\/2021\/05\/desarrollointegra.jpg 750w, http:\/\/erp-integra.com\/homepage_mx\/wp-content\/uploads\/2021\/05\/desarrollointegra-300x180.jpg 300w\" sizes=\"(max-width: 750px) 100vw, 750px\" \/><\/figure>\n<\/div>\n\n\n\n<div class=\"wp-block-column is-vertically-aligned-center is-layout-flow\"><div class=\"wp-block-image\">\n<figure class=\"aligncenter size-large\"><img decoding=\"async\" loading=\"lazy\" width=\"750\" height=\"450\" src=\"http:\/\/erp-integra.com\/homepage_mx\/wp-content\/uploads\/2021\/05\/DESARROLLA_750x450.png\" alt=\"\" class=\"wp-image-117\" srcset=\"http:\/\/erp-integra.com\/homepage_mx\/wp-content\/uploads\/2021\/05\/DESARROLLA_750x450.png 750w, http:\/\/erp-integra.com\/homepage_mx\/wp-content\/uploads\/2021\/05\/DESARROLLA_750x450-300x180.png 300w\" sizes=\"(max-width: 750px) 100vw, 750px\" \/><\/figure><\/div><\/div>\n<\/div>\n\n\n\n<div class=\"wp-block-columns alignwide are-vertically-aligned-top is-layout-flex wp-container-14\">\n<div class=\"wp-block-column is-vertically-aligned-top is-layout-flow\">\n<h3 class=\"wp-block-heading\">Desarrollamos Software<\/h3>\n\n\n\n<p><strong>\u00bfC\u00f3mo desarrollar un software empresarial que sea confiable y, al mismo tiempo, permita reducir costos?<\/strong> Esa es una pregunta que quiz\u00e1s se ha planteado.<\/p>\n\n\n\n<p>Nosotros somos la soluci\u00f3n adecuada. A trav\u00e9s de nuestro centro de desarrollo, empleamos metodolog\u00edas comprobadas, las mejores pr\u00e1cticas de la industria y nuestra experiencia de m\u00e1s de 35 a\u00f1os.<\/p>\n\n\n\n<p><\/p>\n<\/div>\n\n\n\n<div class=\"wp-block-column is-vertically-aligned-top is-layout-flow\">\n<h3 class=\"wp-block-heading\">Soporte Directo de Fabricante<\/h3>\n\n\n\n<p>Comprometidos con la satisfacci\u00f3n de nuestros clientes, ofrecemos un sistema automatizado de gesti\u00f3n de tickets a trav\u00e9s de nuestro portal de soporte. Este sistema permite registrar en l\u00ednea sugerencias, inquietudes, inconvenientes y necesidades relacionadas con los sistemas y servicios que ofrecemos.<\/p>\n<\/div>\n\n\n\n<div class=\"wp-block-column is-vertically-aligned-top is-layout-flow\">\n<h3 class=\"wp-block-heading\">Consultor\u00eda para Negocios<\/h3>\n\n\n\n<p>Basados en la experiencia de m\u00e1s de 35 a\u00f1os y la pr\u00e1cticas de metodolog\u00edas de calidad mundial, le ayudamos a que su empresa mejore sus pr\u00e1cticas de negocios.<\/p>\n\n\n\n<p>Brindamos consultor\u00eda para poner a punto su empresa bajo m\u00e9todos internacionales de calidad y productividad.<\/p>\n<\/div>\n<\/div>\n\n\n\n<hr class=\"wp-block-separator has-alpha-channel-opacity\"\/>\n\n\n\n<div class=\"wp-block-group is-layout-constrained\"><div class=\"wp-block-group__inner-container\">\n<div class=\"wp-block-columns is-layout-flex wp-container-16\">\n<div class=\"wp-block-column is-layout-flow\">\n<h2 class=\"wp-block-heading\">NUEVO: Art\u00edculos de inter\u00e9s<\/h2>\n<\/div>\n<\/div>\n<\/div><\/div>\n\n\n\n<div class=\"wp-block-columns is-layout-flex wp-container-21\">\n<div class=\"wp-block-column is-layout-flow\" style=\"flex-basis:66.66%\">\n<p><\/p>\n\n\n<ul class=\"wp-block-latest-posts__list wp-block-latest-posts\"><li><a class=\"wp-block-latest-posts__post-title\" href=\"http:\/\/erp-integra.com\/homepage_mx\/2025\/06\/23\/mas-alla-del-cliente-siempre-tiene-la-razon-la-verdadera-alianza-estrategica\/\">M\u00e1s all\u00e1 del &#8216;cliente siempre tiene la raz\u00f3n&#8217;: La verdadera alianza estrat\u00e9gica<\/a><\/li>\n<li><a class=\"wp-block-latest-posts__post-title\" href=\"http:\/\/erp-integra.com\/homepage_mx\/2025\/06\/08\/aviso-de-privacidad-para-la-proteccion-de-datos-personales\/\">AVISO DE PRIVACIDAD PARA LA PROTECCI\u00d3N DE DATOS PERSONALES<\/a><\/li>\n<li><a class=\"wp-block-latest-posts__post-title\" href=\"http:\/\/erp-integra.com\/homepage_mx\/2025\/05\/24\/negocios-con-etica-e-integridad\/\">Negocios con \u00c9tica e Integridad<\/a><\/li>\n<li><a class=\"wp-block-latest-posts__post-title\" href=\"http:\/\/erp-integra.com\/homepage_mx\/2024\/11\/20\/casos-de-exito-utilizando-aryaa-ai\/\">Casos de \u00c9xito utilizando Aryaa (AI)<\/a><\/li>\n<li><a class=\"wp-block-latest-posts__post-title\" href=\"http:\/\/erp-integra.com\/homepage_mx\/2024\/09\/16\/mensaje-para-inversionistas\/\">Protegido: Inversionistas<\/a><\/li>\n<\/ul><\/div>\n\n\n\n<div class=\"wp-block-column is-layout-flow\" style=\"flex-basis:33.33%\"><form role=\"search\" method=\"get\" action=\"http:\/\/erp-integra.com\/homepage_mx\/\" class=\"wp-block-search__button-outside wp-block-search__text-button wp-block-search\"><label for=\"wp-block-search__input-19\" class=\"wp-block-search__label\" >Buscar<\/label><div class=\"wp-block-search__inside-wrapper \" ><input type=\"search\" id=\"wp-block-search__input-19\" class=\"wp-block-search__input\" name=\"s\" value=\"\" placeholder=\"\"  required \/><button type=\"submit\" class=\"wp-block-search__button wp-element-button\"  >Buscar<\/button><\/div><\/form><\/div>\n<\/div>\n","protected":false},"excerpt":{"rendered":"<p>C<\/p>\n","protected":false},"author":1,"featured_media":0,"parent":0,"menu_order":0,"comment_status":"closed","ping_status":"closed","template":"","meta":[],"_links":{"self":[{"href":"http:\/\/erp-integra.com\/homepage_mx\/wp-json\/wp\/v2\/pages\/5"}],"collection":[{"href":"http:\/\/erp-integra.com\/homepage_mx\/wp-json\/wp\/v2\/pages"}],"about":[{"href":"http:\/\/erp-integra.com\/homepage_mx\/wp-json\/wp\/v2\/types\/page"}],"author":[{"embeddable":true,"href":"http:\/\/erp-integra.com\/homepage_mx\/wp-json\/wp\/v2\/users\/1"}],"replies":[{"embeddable":true,"href":"http:\/\/erp-integra.com\/homepage_mx\/wp-json\/wp\/v2\/comments?post=5"}],"version-history":[{"count":83,"href":"http:\/\/erp-integra.com\/homepage_mx\/wp-json\/wp\/v2\/pages\/5\/revisions"}],"predecessor-version":[{"id":788,"href":"http:\/\/erp-integra.com\/homepage_mx\/wp-json\/wp\/v2\/pages\/5\/revisions\/788"}],"wp:attachment":[{"href":"http:\/\/erp-integra.com\/homepage_mx\/wp-json\/wp\/v2\/media?parent=5"}],"curies":[{"name":"wp","href":"https:\/\/api.w.org\/{rel}","templated":true}]}}